q**3 - 45*q**2 + 11. Determine z(9).
11
Let v(g) = -28*g**2. Calculate v(-1).
-28
Let r(h) = -48*h + 327. Calculate r(7).
-9
Let r(i) = i - 44. What is r(33)?
-11
Let p(o) = o + 29. Determine p(-25).
4
Let p(d) = d**2 + 13*d - 2. What is p(7)?
138
Let s(v) = -v**3 + 13*v**2 - v + 4. Calculate s(13).
-9
Let z(i) = -80*i + 3. What is z(-1)?
83
Let n(m) = -13*m**2 - m. Determine n(2).
-54
Let o(h) = -h**3 - 5*h**2 - 13*h. Calculate o(-6).
114
Let y(d) = d**2 - 12*d - 24. Determine y(14).
4
Let a(k) = -15*k**2 - 2*k + 10. Determine a(3).
-131
Let k(x) = 7*x + 19. Give k(-4).
-9
Let g(y) = 134*y - 1334. Determine g(10).
6
Let f(a) = a**2 - 41*a + 204. What is f(35)?
-6
Let p(w) = -w**3 - 20*w**2 + 22*w + 14. Calculate p(-21).
-7
Let v(c) = 6*c - 11. Calculate v(2).
1
Let j(m) = -4*m - 17. Determine j(-3).
-5
Let a(o) = 9*o**2 + 2*o + 6. Give a(-3).
81
Let q(k) = 20*k - 2. What is q(1)?
18
Let b(d) = 4*d - 63. Calculate b(15).
-3
Let f(j) = 29*j - 186. Determine f(6).
-12
Let h(d) = 10*d - 103. What is h(8)?
-23
Let f(z) = 2*z**3 + 8*z**2 + 10*z - 1. What is f(-3)?
-13
Let w(z) = 4*z**2 - 6*z - 27. Calculate w(-4).
61
Let u(m) = -4*m + 62. Determine u(10).
22
Let w(o) = -37*o**3 - o**2 + 5*o - 4. Calculate w(1).
-37
Let j(g) = g**2 - 11*g - 48. Calculate j(16).
32
Let b(w) = 3*w**2 + 2*w + 5. Calculate b(-2).
13
Let w(v) = v**3 + 5*v**2 + v - 5. Give w(-5).
-10
Let n(b) = -b**2 + 8*b - 9. Calculate n(6).
3
Let q(h) = h**3 - 3*h**2 - 4*h + 5. What is q(4)?
5
Let m(r) = -r**2 - 6*r - 3. Determine m(-3).
6
Let l(w) = -2*w**2 + 3*w - 2. Calculate l(3).
-11
Let v(g) = -g**3 + 2*g**2 + 3*g - 4. Determine v(2).
2
Let r(w) = -w**2 + 13*w - 19. What is r(9)?
17
Let n(q) = q - 3. What is n(7)?
4
Let i(g) = -g**2 - 8*g + 1. Determine i(-4).
17
Let m(u) = u**3 - 10*u**2 - 25*u + 18. Give m(12).
6
Let f(i) = -9*i**3 - i**2 + i + 2. Calculate f(-1).
9
Let f(x) = -x**2 + 22*x - 62. Determine f(18).
10
Let w(n) = -n**3 + 10*n**2 - 9*n + 1. Determine w(9).
1
Let a(u) = u + 10. What is a(-7)?
3
Let l(h) = -h - 4. What is l(-5)?
1
Let a(d) = d**3 + 11*d**2 + 10. Determine a(-11).
10
Let f(y) = -5*y - 24. Determine f(-6).
6
Let s(m) = 22*m + 31. Determine s(-6).
-101
Let r(v) = -v**3 - 8*v**2 + 10*v - 2. Calculate r(-9).
-11
Let t(m) = m**2 - 9*m - 126. Calculate t(17).
10
Let k(m) = -m**3 + 4*m**2 - 6*m + 6. What is k(4)?
-18
Let j(f) = f**3 - 8*f**2 - 2*f + 1. Determine j(7).
-62
Let r(g) = 3*g + 14. Calculate r(0).
14
Let p(h) = -3*h**2 + 5*h + 15. What is p(-2)?
-7
Let b(p) = 7*p + 116. Give b(-15).
11
Let p(u) = 4*u - 1. Give p(-2).
-9
Let t(l) = l**2 - 9*l - 21. Calculate t(10).
-11
Let o(d) = 2*d**3 - d**2 - 5*d + 10. Give o(4).
102
Let f(b) = b**3 - 4*b**2 - 10*b - 21. Calculate f(6).
-9
Let k(m) = m**2 + 11*m - 2. What is k(-10)?
-12
Let j(p) = -30*p - 178. Determine j(-6).
2
Let o(x) = -5*x + 33. Give o(10).
-17
Let k(o) = o**2 - 122*o - 766. Give k(-6).
2
Let v(u) = -20*u + 6. Determine v(2).
-34
Let o(z) = 8*z**2 + 6*z + 7. Calculate o(-3).
61
Let m(d) = d**2 + 16*d - 11. Calculate m(-17).
6
Let q(v) = 56*v**2 + 3*v - 2. Calculate q(1).
57
Let l(n) = -n**2 - 11*n - 29. Determine l(-12).
-41
Let r(b) = b**3 - 14*b**2 - 17*b + 20. Give r(15).
-10
Let h(o) = 5*o**3 - o**2 - 2*o + 4. Give h(2).
36
Let t(h) = h**3 + 7*h**2 + 7*h + 6. Determine t(-6).
0
Let g(o) = -o**2 - 9*o - 21. Give g(-7).
-7
Let l(n) = n**2 - 19. Determine l(8).
45
Let i(w) = w**2 - 24*w + 19. Give i(23).
-4
Let s(i) = -i**2 + 13*i + 5. Determine s(13).
5
Let s(m) = -3*m**2 - 70*m - 9. What is s(-24)?
-57
Let d(h) = h**2 - 6*h - 2. Calculate d(6).
-2
Let m(p) = p**2 - p + 4. Determine m(0).
4
Let n(i) = -10*i - 3. Determine n(1).
-13
Let t(a) = 2*a**2 + 20*a - 5. Determine t(-10).
-5
Let m(p) = p**2 + 10*p + 21. What is m(-3)?
0
Let t(k) = k + 9. What is t(7)?
16
Let m(n) = -n**2 + 14*n + 10. Calculate m(14).
10
Let g(r) = -r**3 + 26*r**2 + 53*r + 52. Calculate g(28).
-32
Let k(d) = d + 3. Calculate k(0).
3
Let v(s) = -s**3 + 17*s**2 - 2*s + 28. What is v(17)?
-6
Let w(r) = 2*r - 3. Calculate w(13).
23
Let i(f) = -4*f + 4. Determine i(-5).
24
Let f(h) = -h**3 - h**2 - 2*h. Determine f(-3).
24
Let o(y) = 8*y**2 + y + 2. Calculate o(-1).
9
Let o(s) = -s**3 + 15*s**2 - 15*s - 1. Give o(14).
-15
Let k(g) = -14*g + 43. What is k(11)?
-111
Let q(b) = 3*b. Determine q(-8).
-24
Let q(a) = -18*a - 16. Give q(-1).
2
Let v(h) = -11*h + 46. Calculate v(4).
2
Let z(l) = -7*l + 71. Give z(12).
-13
Let n(j) = 2*j - 24. Determine n(10).
-4
Let k(j) = j**3 + 4*j**2 + j - 5. Calculate k(-3).
1
Let f(v) = v**3 - 7*v**2 - 13*v + 11. Calculate f(9).
56
Let s(a) = 2*a - 70. Give s(9).
-52
Let q(y) = y**3 - 5*y**2 + 9. What is q(5)?
9
Let j(k) = k**2 - 12*k + 23. What is j(9)?
-4
Let o(z) = 11*z - 17. Give o(4).
27
Let l(h) = h - 44. Determine l(22).
-22
Let k(p) = -7*p + 17. Determine k(4).
-11
Let d(l) = l**3 + 11*l**2 + 11*l + 9. Give d(-10).
-1
Let p(y) = -y**2 + 11*y - 15. Calculate p(10).
-5
Let z(j) = 3*j**3 - j**2. Determine z(-1).
-4
Let r(q) = -2*q**3 + 17*q**2 + 7*q + 2. Give r(9).
-16
Let q(y) = 3*y**2 + 13*y - 13. What is q(-5)?
-3
Let q(l) = l**3 + 6*l**2 - 2*l - 8. Calculate q(-6).
4
Let y(w) = -w**2 + 5*w + 16. What is y(8)?
-8
Let t(c) = 3*c**2 - 4*c + 1. Give t(2).
5
Let g(m) = -m**3 - m**2 - 2*m - 2. Give g(-3).
22
Let r(x) = -x - 17. What is r(-13)?
-4
Let q(v) = v - 7. Calculate q(4).
-3
Let v(o) = o**3 + 12*o**2 + o + 12. Calculate v(-12).
0
Let k(z) = z**3 - 11*z**2 + 9*z + 24. What is k(10)?
14
Let m(h) = h. Determine m(3).
3
Let i(n) = n**3 - 12*n**2 + 11*n + 10. What is i(11)?
10
Let h(y) = y**3 + 14*y**2 - 71*y + 20. Determine h(-18).
2
Let r(d) = -2*d - 33. What is r(-11)?
-11
Let w(h) = -2*h**3 - 15*h**2 + 9*h + 9. Determine w(-8).
1
Let k(o) = -o**2 + 12*o - 25. Calculate k(10).
-5
Let z(b) = -b**2 - 18*b - 77. Calculate z(-8).
3
Let s(d) = -7*d + 8. Determine s(9).
-55
Let j(t) = 5*t**3 + t**2 + 12*t + 25. Give j(-2).
-35
Let k(n) = -5*n**2 - 23*n + 1. Give k(-4).
13
Let r(a) = 11*a - 6. What is r(9)?
93
Let y(h) = h + 26. What is y(-12)?
14
Let l(c) = c**2 - 7*c - 22. Give l(7).
-22
Let v(k) = -k**2 - 14*k - 40. Calculate v(-9).
5
Let y(x) = -x + 26. Determine y(11).
15
Let d(s) = -2*s**2 + 3*s + 6. What is d(-2)?
-8
Let g(l) = 2*l**3 + 26*l**2 - 26*l + 22. Calculate g(-14).
-6
Let i(o) = 5*o - 58. Calculate i(8).
-18
Let c(w) = -w**3 - 16*w**2 + 38*w + 27. What is c(-18)?
-9
Let q(j) = j**2 - 16*j + 6. What is q(9)?
-57
Let l(g) = -g**2 + 8*g - 11. Calculate l(6).
1
Let m(n) = n**2 + 13*n. What is m(-11)?
-22
Let u(h) = -2*h**3 - h**2 - h. Determine u(-2).
14
Let h(p) = 2*p - 21. Give h(0).
-21
Let t(s) = 4*s + 31. What is t(-7)?
3
Let n(f) = -13*f - 7. Give n(-3).
32
Let s(x) = 4*x + 2. Calculate s(-1).
-2
Let a(j) = -3*j**3 + j**2 + 2*j - 1. What is a(1)?
-1
Let a(w) = w**3 - 2*w**2 - w + 1. What is a(3)?
7
Let x(d) = -17*d. Calculate x(-2).
34
Let l(o) = o**2 + 17*o + 58. Calculate l(-6).
-8
Let t(n) = -17*n**2 - 6*n + 3. What is t(1)?
-20
Let x(v) = v**3 - 20*v**2 - 68*v - 24. Calculate x(23).
-1
Let i(s) = -4*s**2 - 5*s + 5. Determine i(-4).
-39
Let m(o) = 6*o - 1. What is m(3)?
17
Let n(x) = x**3 - 7*x**2 - x + 23. What is n(7)?
16
Let s(a) = -a**2 - 13*a - 23. What is s(-11)?
-1
Let g(u) = 3*u + 11. Calculate g(-5).
-4
Let r(o) = -6*o**2 + 11*o + 17. What is r(-2)?
-29
Let z(o) = 12*o + 14. What is z(-3)?
-22
Let o(j) = -10*j**2 + 2*j - 2. What is o(2)?
-38
Let i(u) = -9*u**2 + 14*u - 6. Determine i(0).
-6
Let g(o) = -o**3 - 13*o**2 + 14*o + 8. Calculate g(-14).
8
Let j(i) = -2*i - 1. Determine j(-4).
7
Let k(u) = u**3 - 10*u**2 + 8*u + 8. What is k(9)?
-1
Let g(b) = -127*b**2 - 2*b + 1. What is g(1)?
-128
Let c(w) = -5*w - 55. Determine c(-5).
-30
Let y(l) = -l**3 - 9*l**2 - 7*l + 7. Determine y(-8).
-1
Let u(c) = -22*c**2 + 1. What is u(-1)?
-21
Let w(t) = t**2 - 8*t - 10. Give w(7).
-17
Let u(t) = -t**2 + 12*t - 14. Calculate u(10).
6
Let l(s) = 14*s - 118. Determine l(8).
-6
Let x(j) = j**3 + 3*j**2 - j - 3. What is x(-4)?
-15
Let q(p) = -11*p**2 - p - 36. Give q(0).
-36
Let n(f) = 12*f - 80. Determine n(6).
-8
Let v(o) = -30*o - 174. Calculate v(-6).
6
Let h(z) = z**3 - 82*z**2 - 166*z - 173. Give h(84).
-5
Let z(k) = -10*k + 89. Calculate z(9).
-1
Let t(f) = -f**3